*c(b) + k(b). Let q be -1*(-2 - (1 + -10)). What is the units digit of r(q)?
8
Let a(j) = 1099*j + 84. What is the thousands digit of a(15)?
6
Suppose 3*u - j = 5*u - 263, u - j = 127. Let v be (-2)/13 - 22045/u*-2. Suppose -3*q + v = -c, 4*q + 2*c - 452 = -0*c. What is the units digit of q?
3
Let y(l) = 2383*l**2 + 61*l - 132. What is the hundreds digit of y(2)?
5
Let o = -3406 - -31478. What is the hundreds digit of o?
0
Let x(d) = 100*d**3 + 3*d**2. Let p be x(2). What is the tens digit of p/6 - 6/(-9)?
3
Suppose -2*s = -5*s - 30. Let g = -6 - s. Suppose -g*m = 3*z - 22, z - m = m + 24. What is the tens digit of z?
1
Let c(u) = -7 - 12*u - u**2 + 3 - 2*u**2 + 2*u**2. Let q be c(-11). What is the units digit of (-1686)/(-54) + -1 + q/9?
1
Suppose 5*z - 204 = -2*y + 257, 0 = z + 1. Let b = y - -166. What is the hundreds digit of b?
3
Let u = -179 + 181. What is the units digit of (u + 3)*(-168)/(-70)?
2
Let z(n) be the first derivative of n**4/2 + n**3/2 - n**2/2 - 10. Let o(u) be the second derivative of z(u). What is the tens digit of o(4)?
5
Suppose 0*d = -4*d - 4*x + 16, -3*d = -x + 4. Suppose 5*a = m + 27, -9 = a - d*a - 5*m. Suppose -g - a = -9. What is the units digit of g?
3
Let a = 10544 - 6251. What is the tens digit of a?
9
Let g(d) = 2*d**2 + 3*d + 10. Let x = -30 + 35. Let c be g(x). Let y = -38 + c. What is the units digit of y?
7
Let s(v) = 8*v**2 + 0*v - v**3 + 9*v**2 - 19 - 5*v**2 - 3*v. What is the hundreds digit of s(10)?
1
Suppose 3*m = 4*w + 16018, -48*m + 52*m - 21340 = w. What is the units digit of m?
4
What is the tens digit of (130 + -6)/(8 - (-1818)/(-228))?
1
Let s = -439 - -428. Let h(k) = 7*k**2 - 29*k - 17. What is the tens digit of h(s)?
4
Let k = 1901 + 617. What is the units digit of k?
8
Let h(r) = -r**3 - 10*r**2 - 170*r + 25. What is the hundreds digit of h(-24)?
1
Let s(l) = -2*l - 11*l - 55 - 8*l**2 + 14*l**2 - 5*l. What is the tens digit of s(-4)?
1
Let n be (-912)/(-7) - (-10)/(-35). Suppose 0*t - n = -5*t. What is the units digit of t?
6
Let a(h) be the first derivative of h**2 + 21*h - 14. Let x(r) = 9*r + 84. Let o(i) = 21*a(i) - 5*x(i). What is the tens digit of o(-7)?
4
Suppose -170*f + 167*f = -3*j + 18981, -25312 = -4*j + 3*f. What is the thousands digit of j?
6
Suppose -15095 = -2*a + l, -2*l + 6*l + 4 = 0. What is the tens digit of a?
4
Let g(k) = 84*k**3 - 17*k**2 - 12*k - 2. What is the thousands digit of g(4)?
5
Suppose -1 = 6*s - 5*s + k, 2*k + 10 = 2*s. What is the hundreds digit of (s - 469/(-1)) + -3 + 5?
4
Let t(o) = 4*o**3 - 3*o**2 + 16*o + 49. What is the units digit of t(9)?
6
Let m be (-5 + 0)*(-24)/30. Suppose 5*w - 2525 = -m*b, 4*w - 2*w - 5*b = 977. What is the hundreds digit of w?
5
Suppose 10*c = c + 5481. Let b = c + -332. Suppose h = 5*g - b, -g - 4*h = -0*g - 68. What is the tens digit of g?
5
Let b(w) = 828*w + 2632. What is the units digit of b(16)?
0
Let b(m) = 519*m - 1519. What is the tens digit of b(11)?
9
Let v = 113 + -107. What is the tens digit of (-1)/(-3) - (-484)/v?
8
Let c be 2 - (2 + -2 + (-3 - 0)). Let l be (-2)/5 + 162/c. Suppose -4*g = -t - l - 383, -125 = -g - 4*t. What is the tens digit of g?
0
Suppose -a = 5*c - 38150, 32555 = -5*a - 3*c + 223107. What is the tens digit of a?
0
Suppose 0 = -2*g - 12, 3*n + 3029 = 4*g + 33419. What is the ten thousands digit of n?
1
Let k = -62 + 35. Let p = k - -32. Suppose p*b = 5, -2*v - 4*b = -6*b - 156. What is the units digit of v?
9
Let n(w) = w**3 + 11*w**2 - w - 4. Let t be (-27)/(-15) - (-1)/5. Suppose -u - 1 = -x - 5*u, -4*u = -t*x - 34. What is the units digit of n(x)?
7
Suppose -492*z + 490*z = -35189 - 6269. What is the hundreds digit of z?
7
Suppose 0 = -4*k - 5*l + 8*l - 316, 4*k - 2*l + 320 = 0. Let n = -59 - k. What is the tens digit of n?
2
Let d = -24 + 26. Suppose 5*m - 5*c = 520, -3*c - 204 = -0*m - d*m. Suppose -2*w - 2*w = -m. What is the tens digit of w?
2
Let b be 6*2/18*6. Suppose b*a + 1056 = 2*k, 8*a - 3*a - 1101 = -2*k. What is the hundreds digit of k?
5
Suppose -15*z + 7*z + 24 = 0. Suppose -894 = -z*r + 5*x, 0 = r + 2*x + 69 - 356. What is the hundreds digit of r?
2
Let q(c) = 2190*c - 47. Let v be q(1). Suppose -15 = -3*p, -45*l - p = -47*l + v. What is the tens digit of l?
7
Let w(i) = -3*i**2 - 16*i. Let l be w(-5). Let y(u) = 30*u + 8*u - 2*u + 1. What is the tens digit of y(l)?
8
Suppose -1149*f + 122202 = -1131*f. What is the tens digit of f?
8
Suppose -229*b + 2213837 = -269439. What is the ten thousands digit of b?
1
Let a(b) = 14*b + 200. Let i be a(-15). Let k(o) = o**3 + 13*o**2 + 26*o - 18. What is the tens digit of k(i)?
2
Let u = -351 + 519. Suppose 5*g + 7 = -2*g. What is the hundreds digit of (2/g + u)*(-1)/(-1)?
1
Let s be -5 + -3*92/(-12). Let y be (-2 + (-12)/(-9))/((-4)/s). Suppose -y = -8*c + 5*c. What is the units digit of c?
1
Let w = 5657 - 1715. What is the hundreds digit of w?
9
Let a(p) = -p + 2. Let u be a(-20). Let m be (-141)/(-4)*(u + -2). Suppose 10*n - 15*n + m = 0. What is the hundreds digit of n?
1
Let u be (-2 - -6277) + (-11 - -6). Suppose 3*g - 14*g + u = 0. What is the hundreds digit of g?
5
Let z(s) = 4*s**3 - 3*s**2 - 3*s - 3. Let j be z(3). Suppose 12*i = 9*i - j. Let g = 119 + i. What is the units digit of g?
6
Let n(h) = 1178*h**2 - 18*h + 52. What is the hundreds digit of n(4)?
8
Let k(s) = 10*s. Let j be k(11). Let w = j + -68. What is the units digit of w?
2
Suppose -45*a = 19877 + 17968. Let d = -132 - a. What is the tens digit of d?
0
Suppose -4*g + 495 = -4*h - 129, 0 = 3*h + 12. What is the hundreds digit of g?
1
Suppose 0 = -10*b + 18 + 52. Suppose b*p - 1088 = 550. What is the tens digit of p?
3
Suppose -711312 = 240*l - 1599642 - 1051350. What is the thousands digit of l?
8
Let v = -3383 - -13701. What is the units digit of v?
8
Let b be (-3 - -4) + (135 - 5) + -5. Suppose -b = -x - 5*v - 21, 3*x - 5*v - 395 = 0. What is the hundreds digit of x?
1
Suppose o - 22 = -0*f - 4*f, 4*o - 73 = -f. Suppose 4*u - o*u = -1358. What is the units digit of u?
7
Suppose f - 5 = -3*k, -5*k - 3*f = -5*f - 12. Suppose 3 = 3*b, k*b = -s - 195 + 929. Suppose -9*l + 3*l = -s. What is the tens digit of l?
2
Let t(q) = -2*q**2 - 161*q + 170. What is the thousands digit of t(-73)?
1
Suppose -3*u + 6 + 24 = 0. Suppose 2*q = -4*j + 20, -2*q + u = j + j. What is the units digit of (73 - 0)/(j/5)?
3
Suppose 13*g = 16*g - 2445. Let x = -423 + g. What is the units digit of x?
2
Suppose 116 + 52 = 8*i. Suppose i*d - 24*d + 498 = 0. What is the units digit of d?
6
Let o(w) = -2*w**3 - 108*w**2 - 128*w - 157. What is the hundreds digit of o(-56)?
5
Let y = 12811 + -8801. What is the units digit of y?
0
Let b = -208 - -210. Suppose -8*y = b*y - 14170. What is the hundreds digit of y?
4
Let m be (-636)/(-11) - (-32)/176. Suppose 2 + m = -5*s. Let r(k) = -k**2 - 14*k + 39. What is the tens digit of r(s)?
6
Suppose -11 = 2*v - 17. Let o(g) = 85*g**3 + 4*g**2 - 3*g + 1. Let l be o(1). What is the units digit of 40/v*(-1 + l/15)?
4
Let n(j) = 2*j**2 - 26*j - 130. Let g be n(17). Suppose -2*x - 46 = 5*k - 124, 0 = 5*x + 2*k - 216. Let d = x + g. What is the units digit of d?
0
Let s(t) = -t + 11. Let m be s(4). Suppose -m*l = -5*z - 8*l + 3656, 0 = 4*z - l - 2923. What is the units digit of z?
1
Let y(r) = r**3 - 16*r**2 + 3*r - 45. Let k be y(16). Suppose 8*h = k*h + 1575. Let m = h - 140. What is the hundreds digit of m?
1
Let g(s) be the third derivative of -s**5/60 - 3*s**4/8 + 13*s**3/2 - 2*s**2 - 13*s. What is the tens digit of g(-8)?
4
Let q be 10/40 - 12429/(-12). Suppose 5*h - 1861 = -m + q, -6 = -3*m. What is the tens digit of h?
7
Let l(v) = 3*v**3 + 7*v**2 - 62*v - 102. What is the units digit of l(8)?
6
What is the units digit of ((14104/(-16))/43)/((-4)/2648)?
1
Let u(m) be the third derivative of 2/3*m**3 + 0 - 3/8*m**4 + 0*m + 17*m**2. What is the tens digit of u(-1)?
1
Let c = 2555 - 1266. Let k = c + -886. What is the tens digit of k?
0
Suppose 15 = a + a + 3*r, -5*a + 3*r + 27 = 0. Suppose 2*q = -q + a. Suppose 0 = 4*u - 4*d - 268, 10 = 2*d + q. What is the tens digit of u?
7
Let o = -11103 - -27647. What is the units digit of o?
4
Suppose 35 = 14*x - 77. Suppose 0 = -4*f - x, -14 - 8 = -3*s + 2*f. Suppose -5*p = -s*p + 12. What is the units digit of p